 b and u?
19
Suppose j = 17 + 33. Suppose -j*m = -45*m - 2555. Calculate the highest common factor of m and 73.
73
Suppose 0 = 5*w + 3*h - 326, -2*w - 20 = -3*h - 142. Let q be (-1020)/18*6/(-4) - 5. Calculate the highest common divisor of q and w.
16
Suppose -b - 70 = n - 2*n, n - 60 = 3*b. Suppose -3*l - 5*q + 24 = 0, -15 = -l - 3*l - q. What is the highest common factor of n and l?
3
Let p(b) = 28*b + 1816. Let z be p(-56). What is the highest common factor of 31 and z?
31
Let o be (0 + 2 + 0)*4. What is the highest common factor of 7008 and o?
8
Let s(h) be the second derivative of h**5/20 - 19*h**4/12 - 2*h**3/3 - 40*h**2 - 129*h. Let j be s(20). Calculate the greatest common factor of 180 and j.
60
Let m(o) = -7*o**2 - 326*o - 363. Let l be m(-45). What is the highest common factor of l and 57?
3
Let x be 2310 - (-22 + 6 - -31). Calculate the greatest common divisor of 120 and x.
15
Let g be (-10)/(-20) + 46/4. Suppose 2*j = g - 4. Suppose -10*d = -25*d + 45. Calculate the highest common factor of j and d.
1
Let x = -3745 + 3793. What is the highest common factor of x and 1944?
24
Suppose 0 = 5*p + u - 177, 3*p = 2*u - 5*u + 111. Let i be 11/((-154)/p)*72/(-15). Calculate the highest common factor of 54 and i.
6
Suppose 0 = -11*s + 15*s - 1156. Let f = s - -26. Calculate the highest common factor of f and 35.
35
Let g(t) = 139*t - 1336. Let y be g(10). Calculate the greatest common divisor of 54 and y.
54
Suppose 4*q + 5*f = 12228, 4*q - 170*f - 12204 = -169*f. What is the highest common factor of 28 and q?
28
Suppose 0 = 61*r - 3212 - 14539. What is the greatest common divisor of 1649 and r?
97
Let o(a) = 2*a**2 + 18*a - 7. Suppose 15 - 125 = 11*s. Let q be o(s). Suppose 5*g = -q + 33. What is the greatest common divisor of 28 and g?
4
Let v = 1 - 1. Suppose v*b - 196 = -4*b. Suppose -3*c = z - 23, 4647 - 4607 = 4*c + 6*z. Calculate the highest common factor of c and b.
7
Suppose 4*k - 2*h + 144 = 0, 5*k - 5*h + 33 = -152. Let a be (-21)/k + (-534)/(-10). Let z = 59 - a. Calculate the highest common factor of z and 10.
5
Let a be (-391)/(-34) + 1/(-2). Suppose a = j - 3*g + 5, -3*j - 3*g = -54. Calculate the highest common divisor of 5 and j.
5
Let f(i) = -4*i**2 + 32*i + 3. Let m be f(8). Let d be 399/(-38)*(-44)/m. Calculate the highest common divisor of d and 22.
22
Suppose -2*t = -2*v + 632, 2*t - 272 + 1528 = 4*v. Calculate the greatest common divisor of v and 988.
52
Let a(y) be the second derivative of 11/6*y**3 + 3*y**2 - 1/20*y**5 + 13*y + 2/3*y**4 + 0. Let o be a(9). Calculate the highest common divisor of 96 and o.
24
Let y(s) = -2*s**2 - 26*s - 15. Let v be y(-12). Suppose 0 = -2*m + 5*o + 70, -33 = -m - 21*o + 24*o. Calculate the greatest common factor of v and m.
9
Let i = 28997 + -28979. Let y(j) = j**3 - 6*j**2 - 2*j - 2. Let w be y(6). Let r be (-4)/w - 124/(-7). What is the greatest common factor of i and r?
18
Let c = 12 - 7. Suppose -4*i + 138 = c*n, 4*n - 9 = -1. What is the highest common divisor of 64 and i?
32
Let p = 177 + 5. Let b = 186 - p. Let n = 53 - 37. Calculate the highest common divisor of n and b.
4
Let b(m) = 68*m**2 + 2*m. Let k be b(2). Let o be (-54*(-70)/(-11340))/((-1)/72). Calculate the highest common factor of o and k.
12
Suppose 0 = 4*j + 5*h + 15, 2*j + h + 9 = -0*j. Let p(g) = -5*g - 31. Let l be p(j). Let t be l/(-21) + 187/7. What is the greatest common divisor of 18 and t?
9
Let x = 222 + -216. Suppose 0 = x*n - 14*n + 208. Calculate the highest common factor of 26 and n.
26
Suppose -8*q = 7*q - 5160. Calculate the highest common factor of 43 and q.
43
Let r(j) = 2*j**2 + 22*j - 3. Let w be r(-12). Let o = 858 - 830. Calculate the highest common factor of o and w.
7
Suppose x + 158 = a, a - 118 = -x + 34. Let g = 200 - a. What is the greatest common divisor of 18 and g?
9
Let d = -28 - -31. Suppose 6*y = d*y + 15. Suppose 5*u = -5*a + 1510, a + 2*u = y*u + 310. Calculate the highest common divisor of a and 38.
38
Suppose -2*m - 1042 = -2*f + 19008, -50165 = -5*f - 3*m. Calculate the highest common factor of f and 68.
34
Suppose 0 = -2*h + 13*h - 297. Suppose h*l - 24*l = 36. Suppose 0 = 2*s + 4*z - 30, 21 + l = 2*s + z. What is the highest common factor of 34 and s?
17
Let k be 1821/33 + (-7)/14*(-12)/(-33). What is the highest common factor of k and 1870?
55
Suppose -202*z = -197*z + 2*f - 33921, -2*f - 4 = 0. Calculate the highest common divisor of 115 and z.
115
Let p(i) = -i**2 - 11*i + 202. Let y be p(-20). Calculate the greatest common factor of y and 605.
11
Suppose v = -v + 8. Suppose -c - v*c = -70. Let d = 778246 - 778239. What is the greatest common factor of c and d?
7
Let z = 421 + -414. Suppose 0 = g + 4*w - 65, z*w - 8*w - 175 = -4*g. What is the greatest common divisor of 405 and g?
45
Let p(v) = -v**3 - 21*v**2 - 23*v + 39. Let x be p(-20). Let d = 25 - 53. Let a = d + 37. Calculate the greatest common factor of a and x.
9
Suppose 0 = -4*y - 2 + 2. Let w be y + 2 - (-6)/1. Let j(k) = 12*k - 8. Let o be j(w). What is the highest common factor of 8 and o?
8
Let x = 35740 + -35244. Calculate the greatest common divisor of 5518 and x.
62
Suppose -5*s + 9 = l - 4*s, 4*l - 5*s = 36. Suppose 0 = 9*r - 9522 + 8883. Suppose -l*o + 19 = -r. What is the highest common factor of 40 and o?
10
Let m(u) = 9*u - 98. Let r = -319 + 333. Let k be m(r). What is the highest common divisor of k and 14?
14
Let j(b) = 93*b - 5322. Let l be j(58). What is the highest common factor of l and 1312?
8
Suppose 276 = 5*v + 156. Let w = 32 - v. Suppose k + w - 56 = 0. What is the highest common divisor of 64 and k?
16
Let q(v) = -7*v**3 - v**2 + 14*v + 39. Let b(f) = f**3 - f**2 - f. Let y(d) = -6*b(d) - q(d). Let a be y(-6). What is the highest common factor of a and 360?
45
Let d be (328*2)/4 + (-26 - -12 - -9). What is the highest common divisor of 312 and d?
3
Suppose 92*a - 3689 = 61*a. Calculate the greatest common factor of a and 17.
17
Let t(k) = 3*k**2 - 64*k - 4. Let a be t(22). Calculate the greatest common divisor of 1100 and a.
20
Let z be 28/77 + (-122060)/(-110). Calculate the greatest common divisor of z and 30.
30
Let b be (-1 - -1 - -26)*(-41 - (-106 - -15)). What is the highest common divisor of b and 7475?
325
Suppose -2*f - 4*i + 34 = 0, 0 = 3*f - 2*f + i - 15. Suppose -5*v + 20 = 4*g - 3, f = v - 2*g. Let j = 22 + -8. Calculate the greatest common factor of j and v.
7
Suppose -10*n + 13442 + 1210 = -n. What is the greatest common factor of 352 and n?
44
Suppose 146*l - 143*l = 42. Let q = 150 + -83. Let g = q + -25. What is the highest common divisor of l and g?
14
Let r = -1034 + 1636. Let y = 624 - r. Calculate the greatest common divisor of 2 and y.
2
Let h be (-7166)/(-28) + (-12)/(-336)*2. Calculate the highest common divisor of 832 and h.
64
Suppose 161*l - 1584 = 95*l. Calculate the highest common divisor of l and 780.
12
Suppose 110*z = 552 + 2748. Calculate the greatest common factor of z and 5550.
30
Let p(y) = 2*y + 44. Let i(o) = 16*o + 33. Let h be i(-3). Let m be p(h). What is the highest common divisor of m and 322?
14
Suppose -14*f = -7*f + 399. Let j be 38/f + (-82)/(-6). Calculate the highest common divisor of 325 and j.
13
Let l = -1 - -5. Let g(f) = -12*f + 209. Let v be g(10). Suppose 3*y - v = n - 0*n, 79 = 3*y + n. What is the greatest common divisor of l and y?
4
Let h be -101 + 93 - (1 - 14). Calculate the greatest common factor of 11230 and h.
5
Suppose 0 = -4*l + 5*l - 9. Let k(r) = 2*r**2 - 130*r + 636. Let m be k(60). Calculate the greatest common divisor of m and l.
9
Let u = 416 - 892. Let j = 286 + u. Let z = -130 - j. Calculate the greatest common divisor of z and 24.
12
Let f be ((-4)/2 - 3)/1. Let k(m) = -10*m - 3. Let v be k(f). Let z = v + -39. Calculate the greatest common factor of z and 56.
8
Let i = 3968 - 3824. Calculate the highest common factor of 1548 and i.
36
Let c be ((-23)/((-483)/2100))/((-2)/(-30)). Calculate the highest common factor of c and 120.
60
Let a be ((-3)/(-2))/(16/(-544)). Let c = a - -57. What is the greatest common factor of 138 and c?
6
Let y be (1 - 10/(-4))*(-5814)/(-357). What is the greatest common factor of 2489 and y?
19
Suppose 328986 = -408*x + 429*x. Calculate the greatest common divisor of 84 and x.
4